ose -4*d = k + 3*k - 208, 4*d = l*k + 201. What is the tens digit of d?
5
Let o(r) = -r**2 + 23*r + 89. What is the units digit of o(21)?
1
Let o(g) = g**3 - 6*g**2 - 7*g - 2. What is the hundreds digit of o(10)?
3
Let i(t) = -2 + 5 - t + 7 + 2. Let l be i(9). What is the tens digit of 111/l + 9/3?
4
Let i be ((-1)/(-3))/((-15)/(-135)). Suppose 0 = -i*m + a + 86, 112 = 4*m - 2*a - 0*a. What is the tens digit of m?
3
Suppose -2*r - 4 = -5*h - 19, -5*r + 4*h + 12 = 0. Suppose -5*t + 25 + 5 = r. Suppose -f = -3*a + 67, -4*a - t*f + 102 = -f. What is the tens digit of a?
2
Let h be (-7 - (-14 + 9))*(-22)/(-4). Let d be 28 + (-2)/(-3)*3. Let j = d - h. What is the tens digit of j?
4
Suppose 4*z = -3*z + 1841. Suppose -19 = 2*r - z. What is the hundreds digit of r?
1
Let m(i) = 931*i**2 - 32*i - 61. What is the units digit of m(-2)?
7
Suppose 865 = 4*i - j - 1260, 4*j + 1584 = 3*i. What is the tens digit of i?
3
Suppose 0 = 2*h - 3*h - 3*v + 1041, 3*h + 4*v = 3138. What is the units digit of h?
0
Let w = -74 + -41. What is the units digit of 4/1 - w - 2?
7
What is the units digit of (-13)/(91/(-42)) - -934?
0
Suppose -3*i = 40 - 4. Let s be 140/(-6)*i/2. What is the tens digit of s/2 - (-5 + 2)?
7
Let y = 4 - -34. What is the tens digit of y?
3
Let r(q) = -2*q + 3. Let s be r(4). What is the units digit of 2/(-10) + (-36)/s?
7
Let f(u) = 89*u**2 + 44*u - 223. What is the tens digit of f(5)?
2
Let w(o) be the second derivative of o**5/20 - 5*o**4/12 + 2*o**3/3 - 6*o**2 + 13*o. What is the units digit of w(7)?
4
Suppose -250 = -4*k + 3*v + 454, v + 704 = 4*k. What is the units digit of k + 1 - (21/(-7) + 1)?
9
Let m = -23 - 35. Suppose -132 = -3*c + 9*c. Let x = c - m. What is the tens digit of x?
3
Let a = -125 - -685. What is the units digit of a?
0
Suppose -2*o - o + 12 = 3*h, 2*h - o + 4 = 0. Suppose h*y + 5*y + 4*k = 227, -5*y + 3*k + 206 = 0. What is the tens digit of y?
4
Let h(v) = -v**3 - 14*v**2 - 16*v - 14. What is the tens digit of h(-14)?
1
Let x be 139/(-2) - ((-15)/(-6) - 2). Let w = x + 136. What is the units digit of w?
6
Let n be (5 + -7)*14/(-4). Suppose 0 = n*j - 6*j. Suppose j = -5*v + 4*v - 4*m + 62, 80 = 2*v - 3*m. What is the units digit of v?
6
What is the tens digit of (-259)/((-4)/6 - 5/(-30))?
1
Suppose -5*n + 4*g = -1232 - 949, 4*g - 417 = -n. What is the tens digit of n?
3
Suppose 10*c - 8*c + q - 410 = 0, -3*q - 219 = -c. What is the units digit of c?
7
Let c(w) be the third derivative of w**5/60 + 22*w**3/3 + 6*w**2. Let h be c(0). What is the tens digit of (3/1)/(4/h)?
3
Let m(z) = z**3 + 2*z + 42. Let l be m(0). Suppose 4*f + l = 10*f. What is the units digit of f?
7
Let y(o) be the second derivative of o**4/12 - o**3/3 - 17*o**2/2 - 32*o. What is the units digit of y(17)?
8
What is the hundreds digit of 405/(-4*24/(-64))?
2
Let l = -191 + 1558. What is the tens digit of l?
6
What is the units digit of (7/3 + -2)/((-26)/(-68484))?
8
Suppose 12 = 3*x + 27. Let f be (3/2)/(3/4) + 10. Let r = x + f. What is the units digit of r?
7
Let l(x) = 23*x**2 + x + 1. Let a be l(-1). Suppose -a = -5*f + 42. Suppose v - 8 = -5*n, v - n - f = -5. What is the units digit of v?
8
Let b be -1 - (-1)/1 - (6 - 9). Suppose -b*i = -29 - 445. What is the tens digit of i?
5
Let k(l) = 195*l + 128. What is the units digit of k(4)?
8
Let v(x) = x**2 - 5*x - 33. Suppose 0 = 7*b + 3*b + 130. What is the units digit of v(b)?
1
Let s = 13 - 12. Let l(z) = 2*z**3 + z**2 - z + 1. Let q be l(s). What is the units digit of (2 - q)*-3 + 38?
1
Let c = 213 + -138. Suppose 9*x + c = 10*x. What is the tens digit of x?
7
Suppose -12*h + 11*h - 3*x = -590, 0 = -2*h + 5*x + 1125. What is the tens digit of h?
7
Let b(j) = 2*j + j - 8*j - 4*j - 14. What is the units digit of b(-4)?
2
Let d(p) = 14*p**2 - 4*p + 7. What is the units digit of d(6)?
7
Let a be (-1)/((-1)/12 - (-6)/(-36)). What is the tens digit of -8*((-14)/a)/((-3)/(-6))?
5
What is the units digit of -6*4/6 + 39?
5
Let x(p) = 19*p - 1. Let i be x(1). Suppose -i*k + 8371 - 3259 = 0. What is the hundreds digit of k?
2
Suppose 12*o = 9*o + 12. Suppose -2*z - o*i + 5*i + 20 = 0, -3*z + 3*i + 33 = 0. What is the units digit of z?
9
Let t = -7 - -175. Suppose 0 = -4*r + 5*h + t, -4*r = 4*h - 32 - 100. Suppose -m = -8 - r. What is the tens digit of m?
4
Let n be 0 - 1 - (-26 - -6). Suppose -23*r + n*r + 20 = 0. Suppose 155 = 3*q + 5*c, -3*q + r*c + 101 = -74. What is the tens digit of q?
5
Let q = -429 + 801. What is the tens digit of q?
7
Suppose -5*h + 3*b = -2*h - 183, -2 = b. What is the units digit of h?
9
Suppose 0 = 15*r - 11*r - 2132. What is the tens digit of r?
3
What is the units digit of 3 - (16/(-3) + (-1)/(-3))?
8
Suppose -q + 15 = -23. Suppose 47 - q = x. What is the units digit of x?
9
Suppose -2*i - 3*r = -6*i - 96, -i + r - 23 = 0. What is the units digit of i/(-5)*-4*60/(-12)?
8
What is the hundreds digit of (19 + -29)*505/(-10)?
5
Suppose 12*m = 14088 + 2148. What is the hundreds digit of m?
3
Let a(w) = 288*w - 734. What is the units digit of a(6)?
4
Suppose 2*f - 49 = 3*g + 4*f, -8 = 4*f. Let t be 2*(-1)/3*g. Suppose -5*k = -t*k + 200. What is the tens digit of k?
4
Let r(g) = 347*g + 310. What is the tens digit of r(7)?
3
What is the tens digit of (-2 + -2)*4986/(-24)?
3
What is the hundreds digit of 3/5 - 4195488/(-870)?
8
Let l(g) be the third derivative of 7*g**5/60 + g**4/24 + g**3/3 + 28*g**2. What is the tens digit of l(-3)?
6
What is the hundreds digit of (3 - -2478)/(-2 - (-21)/6)?
6
Let q = 17 + -10. What is the units digit of q?
7
What is the units digit of (42/(-28))/((-3)/3884)?
2
Let s = -280 + 704. What is the tens digit of s?
2
What is the hundreds digit of (-16)/(-128) + 3 + 37870/16?
3
Suppose 6*d + 38 = 8*d. Suppose -3*o + d = 7. Suppose -p - 5*j + 43 = 0, -j = o*p - 64 - 70. What is the units digit of p?
3
What is the thousands digit of (-897)/(-3)*9 - (-37 - -38)?
2
Let q be 7/2*(7 - 3). Let f = q - 16. What is the units digit of -1*8/f - -13?
7
Suppose 0 = 3*y - 2*y + 8. Let o(m) = -m**2 - 11*m + 10. Let v be o(y). Suppose 4*g = -2 + v. What is the units digit of g?
8
Let l(t) = -5 + 4 + t + 5. Let n(k) = -k**2 - 2*k + 26. Let r be n(-5). What is the tens digit of l(r)?
1
Suppose z = -5, -314 = 42*c - 43*c - z. What is the units digit of c?
9
Let y(t) = 33*t + 10. Let i be y(5). Let n = i + -86. What is the units digit of n?
9
Suppose -18*f + 6*f + 25068 = 0. What is the hundreds digit of f?
0
Let v = -25 + -9. Let q = v + 54. What is the units digit of q?
0
Let j be -11*(-3)/6*(4 + -2). Let v(t) = -t**3 + 10*t**2 + 18*t - 42. What is the tens digit of v(j)?
3
Let d(g) = 16*g**2 + 1 + 3*g - 3*g**2 + 3. What is the hundreds digit of d(-4)?
2
Suppose -2*f - 2*h + 18 = 4, 0 = -4*f + 4*h + 4. Suppose -y + 175 = f*y. What is the units digit of y?
5
Let q be (3 - 3)/(0 - 1). What is the tens digit of (q + -2 + (4 - 1))*31?
3
Let b = 2123 + -1146. What is the units digit of b?
7
Suppose 15 = 2*y + 7. Suppose 5*m - 5*d = -5, -6*d + 2 = -3*m - y*d. Suppose m = -0*h + h - 39. What is the tens digit of h?
3
What is the tens digit of (7310/9)/1 + (-34)/153?
1
Let v(q) = -q + 3. What is the tens digit of v(-9)?
1
What is the tens digit of (-5 - (-838)/(-4))/((-1)/2)?
2
What is the units digit of (1851/(-4))/(333/36 - 10)?
7
Let k be 1 + -13 + -3 - 2. Let n = k + 19. Suppose -a + b = 2*a - 104, 0 = 5*a + n*b - 155. What is the units digit of a?
3
Let s be 66/(-10) - 15/(-25). Let m be (3 - (-39)/s)*-4. Suppose 2*g - m = 2*u, -u + 13 = 3*g - 0*g. What is the units digit of g?
5
Let f = 80 - 46. Let r = -32 + f. Suppose r*i = 23 + 11. What is the tens digit of i?
1
What is the tens digit of (305/(-40)*-4)/((-8)/(-592))?
5
Suppose 939 = 3*q + 3*l, -2*q + l = -743 + 111. What is the units digit of q?
5
Suppose -7 = -2*c + 9. Let x(g) = 6*g**2 - 5*g**2 - 4*g - 2*g - g. What is the units digit of x(c)?
8
Let h(f) = 9*f**2 + 5*f + 5. Let d(s) = -s**2 + 3*s + 2. Let a be d(3). Suppose -1 = -2*p - 9, 12 = -2*z - a*p. What is the tens digit of h(z)?
3
Let i(h) = -h**3 + 20*h**2 + 32*h - 12. Let z be i(21). Suppose 2*g - z = 71. What is the units digit of g?
5
Let h(c) = 23*c**2 - 3*c - 50. What is the tens digit of h(7)?
5
Suppose 0 = -8*o + 19*o - 396. What is the units digit of